{"id":5,"date":"2018-02-27T19:47:05","date_gmt":"2018-02-27T17:47:05","guid":{"rendered":"https:\/\/autosupirkimasvilnius.lt\/?page_id=5"},"modified":"2019-06-11T22:19:16","modified_gmt":"2019-06-11T20:19:16","slug":"apie-mus","status":"publish","type":"page","link":"https:\/\/autosupirkimasvilnius.lt\/?page_id=5","title":{"rendered":"Apie mus"},"content":{"rendered":"<h2>Grei\u010diausias<\/h2>\n<h5>Ko gero \u2013 tai grei\u010diausias ir brangiausias automobili\u0173 supirkimas ir dokument\u0173 apiforminimas.<\/h5>\n<h2>Auto<\/h2>\n<h5>Auk\u0161\u010diausioms kainoms Superkame vis\u0173 modeli\u0173 ir marki\u0173 naudotus automobilius Vilniuje ir Vilniaus rajone.<\/h5>\n<h2>Supirkimas<\/h2>\n<h5>Automobiliai gali b\u016bti- Idealaus stovio, tvarkingi, su smulkiais defektais, biski dau\u017eti bet tinkantys remontuoti, gali buti be technin\u0117s ab\u017eiuros, be draudimo, dizelininiai , benzininiai, su duju iranga ir be juos. Atsiimsime ir neva\u017eiuojanti automobili.<\/h5>\n<h2>Be tarpinink\u0173<\/h2>\n<h5>Tai i\u0161skirtinis b\u016bdas parduoti savo automobil\u012f auk\u0161\u010diausioms kainoms.<\/h5>\n","protected":false},"excerpt":{"rendered":"<p>Grei\u010diausias Ko gero \u2013 tai grei\u010diausias ir brangiausias automobili\u0173 supirkimas ir dokument\u0173 apiforminimas. Auto Auk\u0161\u010diausioms kainoms Superkame vis\u0173 modeli\u0173 ir marki\u0173 naudotus automobilius Vilniuje ir Vilniaus rajone. Supirkimas Automobiliai gali b\u016bti- Idealaus stovio, tvarkingi, su smulkiais defektais, biski dau\u017eti bet tinkantys remontuoti, gali buti be technin\u0117s ab\u017eiuros, be draudimo, dizelininiai , benzininiai, su duju iranga [&hellip;]<\/p>\n","protected":false},"author":1,"featured_media":0,"parent":0,"menu_order":0,"comment_status":"closed","ping_status":"closed","template":"","meta":{"_uag_custom_page_level_css":"","site-sidebar-layout":"default","site-content-layout":"","ast-site-content-layout":"","site-content-style":"default","site-sidebar-style":"default","ast-global-header-display":"","ast-banner-title-visibility":"","ast-main-header-display":"","ast-hfb-above-header-display":"","ast-hfb-below-header-display":"","ast-hfb-mobile-header-display":"","site-post-title":"","ast-breadcrumbs-content":"","ast-featured-img":"","footer-sml-layout":"","theme-transparent-header-meta":"","adv-header-id-meta":"","stick-header-meta":"","header-above-stick-meta":"","header-main-stick-meta":"","header-below-stick-meta":"","astra-migrate-meta-layouts":"default","ast-page-background-enabled":"default","ast-page-background-meta":{"desktop":{"background-color":"","background-image":"","background-repeat":"repeat","background-position":"center center","background-size":"auto","background-attachment":"scroll","background-type":"","background-media":"","overlay-type":"","overlay-color":"","overlay-opacity":"","overlay-gradient":""},"tablet":{"background-color":"","background-image":"","background-repeat":"repeat","background-position":"center center","background-size":"auto","background-attachment":"scroll","background-type":"","background-media":"","overlay-type":"","overlay-color":"","overlay-opacity":"","overlay-gradient":""},"mobile":{"background-color":"","background-image":"","background-repeat":"repeat","background-position":"center center","background-size":"auto","background-attachment":"scroll","background-type":"","background-media":"","overlay-type":"","overlay-color":"","overlay-opacity":"","overlay-gradient":""}},"ast-content-background-meta":{"desktop":{"background-color":"var(--ast-global-color-5)","background-image":"","background-repeat":"repeat","background-position":"center center","background-size":"auto","background-attachment":"scroll","background-type":"","background-media":"","overlay-type":"","overlay-color":"","overlay-opacity":"","overlay-gradient":""},"tablet":{"background-color":"var(--ast-global-color-5)","background-image":"","background-repeat":"repeat","background-position":"center center","background-size":"auto","background-attachment":"scroll","background-type":"","background-media":"","overlay-type":"","overlay-color":"","overlay-opacity":"","overlay-gradient":""},"mobile":{"background-color":"var(--ast-global-color-5)","background-image":"","background-repeat":"repeat","background-position":"center center","background-size":"auto","background-attachment":"scroll","background-type":"","background-media":"","overlay-type":"","overlay-color":"","overlay-opacity":"","overlay-gradient":""}},"footnotes":""},"class_list":["post-5","page","type-page","status-publish","hentry"],"uagb_featured_image_src":{"full":false,"thumbnail":false,"medium":false,"medium_large":false,"large":false,"1536x1536":false,"2048x2048":false},"uagb_author_info":{"display_name":"leonid","author_link":"https:\/\/autosupirkimasvilnius.lt\/?author=1"},"uagb_comment_info":0,"uagb_excerpt":"Grei\u010diausias Ko gero \u2013 tai grei\u010diausias ir brangiausias automobili\u0173 supirkimas ir dokument\u0173 apiforminimas. Auto Auk\u0161\u010diausioms kainoms Superkame vis\u0173 modeli\u0173 ir marki\u0173 naudotus automobilius Vilniuje ir Vilniaus rajone. Supirkimas Automobiliai gali b\u016bti- Idealaus stovio, tvarkingi, su smulkiais defektais, biski dau\u017eti bet tinkantys remontuoti, gali buti be technin\u0117s ab\u017eiuros, be draudimo, dizelininiai , benzininiai, su duju iranga&hellip;","_links":{"self":[{"href":"https:\/\/autosupirkimasvilnius.lt\/index.php?rest_route=\/wp\/v2\/pages\/5"}],"collection":[{"href":"https:\/\/autosupirkimasvilnius.lt\/index.php?rest_route=\/wp\/v2\/pages"}],"about":[{"href":"https:\/\/autosupirkimasvilnius.lt\/index.php?rest_route=\/wp\/v2\/types\/page"}],"author":[{"embeddable":true,"href":"https:\/\/autosupirkimasvilnius.lt\/index.php?rest_route=\/wp\/v2\/users\/1"}],"replies":[{"embeddable":true,"href":"https:\/\/autosupirkimasvilnius.lt\/index.php?rest_route=%2Fwp%2Fv2%2Fcomments&post=5"}],"version-history":[{"count":12,"href":"https:\/\/autosupirkimasvilnius.lt\/index.php?rest_route=\/wp\/v2\/pages\/5\/revisions"}],"predecessor-version":[{"id":2425,"href":"https:\/\/autosupirkimasvilnius.lt\/index.php?rest_route=\/wp\/v2\/pages\/5\/revisions\/2425"}],"wp:attachment":[{"href":"https:\/\/autosupirkimasvilnius.lt\/index.php?rest_route=%2Fwp%2Fv2%2Fmedia&parent=5"}],"curies":[{"name":"wp","href":"https:\/\/api.w.org\/{rel}","templated":true}]}}